= -13548 - -13535. What is p(b)?
2
Let j(u) = u**2 - 4. Suppose 1296 = -8*p - 10*p. Let k be (p/(-36))/((8/6)/(-2)). Calculate j(k).
5
Let v(g) be the second derivative of 7*g**3/2 + 6*g**2 + 6979*g. Calculate v(1).
33
Suppose 703*p + 3 = 700*p. Let v(l) = -3*l - 1. Let f = 12 + -10. Let c(t) = -4*t - 1. Let q(w) = f*v(w) - 3*c(w). What is q(p)?
-5
Suppose 0 = -2*f - 0*f + 2. Let o(a) = 271*a. Let v(t) = 657*t. Let m(u) = 12*o(u) - 5*v(u). What is m(f)?
-33
Let a(o) = 0 - 8*o**2 + 0*o - o**3 - 8*o - 1. Let p be a(-7). Let n(l) = -5 - 6*l + 13*l - p*l + 0. Determine n(5).
0
Let z(f) = f**3 + 4*f**2 + 4*f + 4. Let v(k) = 31*k**2 + 185*k - 9. Let r be v(-6). Determine z(r).
1
Let l(a) = -8*a**2 + 2*a - 3. Suppose -4*k + 1 + 3 = -3*x, 3*k + 2*x = 20. Let r be k + 8 + -3 + -4 + -3. Give l(r).
-31
Let m(f) be the first derivative of 42 + 2*f - 11 - 37*f**2 + 18*f**2 + 16*f**2. Give m(-7).
44
Let r(o) = -o - 2. Let k(i) = -8 - 345*i - 355*i + 658*i + 143. Let s be k(3). What is r(s)?
-11
Let d(c) = 2*c - 9845 - 9858 + 19675. Give d(15).
2
Let d(t) = 1 - 12 + 8*t - 2*t**2 - 3 + 5 - t**3 + 0*t**2. Give d(-4).
-9
Let s(y) = -y**2 + y - 15. Let r be 5/((-57)/15 + 4). Suppose 0 = 4*c - 3*c - 5*k - r, -2*c - k = 5. Give s(c).
-15
Let u(k) be the third derivative of -k**5/6 - k**4/24 + k**2. Let t(o) = 3*o**2 - 25*o - 22. Let r be t(9). Let a be 0 + r/6 + (-3)/9. Determine u(a).
-9
Let k(d) = d**3 + 6*d**2 + 6*d. Let q(x) be the third derivative of x**4/3 - x**3 - 27*x**2. Let h be q(-3). Let f = h - -25. Calculate k(f).
-5
Suppose n - x = -21 + 36, -2*x - 78 = -5*n. Let c(q) = 13*q - 22*q + n*q + q**2 - 18. Give c(-8).
-10
Let u(h) = 11*h**3 + 2*h + 20. Let g(w) = -17*w**3 + 5*w**2 - w - 22. Let f(z) = -2*g(z) - 3*u(z). What is f(6)?
-184
Let o = 6 - 4. Suppose -b = f - 4*b - 8, 5*f = -3*b + 4. Let t(v) = -7 + 5 + 4 - 4 - 3*v**f + 2*v. Give t(o).
-10
Let l(x) = -17*x**2 - 142*x + 94. Let m be l(-9). Let j(a) = -2*a + 7 + 5*a - 2*a. Determine j(m).
2
Let u(d) = -4*d**3 + 6*d**2 + 5*d - 3. Let q(g) = -g**3 + g**2 + g. Let z(a) = 5*q(a) - u(a). Suppose m + m = -302. Let n = 148 + m. Give z(n).
21
Let i(a) = -a**2 + 4*a - 1. Suppose -51 = -5*u + 124. Suppose u*d = 34*d + 5. Determine i(d).
-6
Let w(g) = -g**3 + 5*g**2 + 3*g + 8. Let x(l) = l**2 - 45*l + 492. Let s be x(18). Calculate w(s).
-10
Let m(c) = -2*c**2 + 1. Let b be m(-2). Let l(h) be the first derivative of h**4/4 + 7*h**3/3 + h**2/2 - h + 5563. Calculate l(b).
-8
Let j be (-18)/(-39)*572/66. Let p(z) = -z**2 + 5*z - 7. Determine p(j).
-3
Let u(f) = -f**2 + 8*f - 21. Let o be ((-27)/(-45))/(9/75). Determine u(o).
-6
Let d(x) = 4*x**2 - 3*x. Let w(c) = c**3 + 13*c**2 - 262*c + 47. Let i be w(-24). Determine d(i).
7
Suppose -26 - 499 = -25*m. Let n(z) = -4*z + 36. What is n(m)?
-48
Let p = 222 - 111. Let y(b) = -3 + 112*b**2 + 3*b - 2*b - p*b**2. Determine y(-5).
17
Let o(q) = -3*q**2 - 35*q + 12. Suppose 56 = -5*l - v, -67*l = -63*l - 2*v + 56. Determine o(l).
0
Let y(l) = 6*l + 6*l**2 - 6*l. Suppose -4*a - 16 = -p, p + 217 = 2*a + 229. Determine y(a).
24
Let h(t) = -t**3 - 5*t**2 + 3*t + 4. Let g be 1752/219 + 1 + -21 - -7. Give h(g).
-11
Let k(r) = -6*r + 1. Let v = -73 - -219. Let f = v + -145. Give k(f).
-5
Let c = 168 - 166. Let x(z) = 3 - 4*z - 3376*z**c + 3382*z**2 - z**3 + 1. Determine x(5).
9
Let i be 3416/1159 + 1/19. Let n(q) be the first derivative of q**4/4 - q**3 + 2*q**2 - 3*q + 8. Give n(i).
9
Let h(z) = 13*z - 64. Let m(r) = 36*r - 179. Let o(t) = 11*h(t) - 4*m(t). Give o(6).
6
Suppose -5 = -2*q + 1. Suppose -q*p - 23 + 8 = 0. Let f(h) be the second derivative of h**3/6 + h**2 - h + 54. Give f(p).
-3
Let d(c) = 8*c + 11 + 7*c**2 + 175*c**3 - 174*c**3 + 2*c**2 - c**2. Calculate d(-7).
4
Let c(q) = -9*q. Let i(d) = -d. Suppose -22 - 6 = -2*j. Let x(o) = j*i(o) - 2*c(o). Give x(2).
8
Let s(u) = -4*u + u**2 + 8*u + 8 + 6*u - u. Let o be (10/(-4))/1*128/40. Calculate s(o).
0
Let s(r) = -r**3 + 0*r**2 - 3*r**2 + 2*r**2 + r. Let w(p) = 5*p**3 + 2*p + 7. Let j(k) = -6*s(k) - w(k). Let u(v) = -1017*v - 5092. Let x be u(-5). Give j(x).
0
Let c(z) be the third derivative of 0*z + 0 - 5/6*z**3 - 2*z**2 - 1/24*z**4. Let f be (5/10)/((-2)/(-16)). Determine c(f).
-9
Suppose 0 = -2*u - 409 + 421. Let h(r) be the first derivative of 3 + 7/2*r**2 - 3*r - 1/3*r**3. Give h(u).
3
Let b(r) = -r**3 + 8*r**2 + r - 4. Let j(n) = -n**3 - 5*n**2 + 6*n + 28. Let z be j(-5). Let k be 126/15 + 48/30 + z. Calculate b(k).
4
Let l(d) = d**3 - 5*d**2 - 6*d + 5. Let z = 203 - 144. Let v = -57 + z. Suppose -v*x + 16 = 4*u - 3*u, -x + 29 = 4*u. Determine l(u).
5
Let o(v) be the second derivative of v**3/6 - 11*v**2/2 + 5032*v. Calculate o(-20).
-31
Let q(t) = t**2 + 6*t - 94. Let p = -15983 - -15990. Calculate q(p).
-3
Let r(d) = d**2 - 9*d + 12. Let s = -22842 - -22849. Give r(s).
-2
Let t(b) = -3*b**2 - 25*b + 43. Let d be t(-10). Suppose -f - 21 = -2*f + 3*s, -3*f - 4*s = 2. Let l(h) = -f*h + 8 + 5*h - 4 - 5. Determine l(d).
6
Suppose 4*d = 4*q - 664, -4*d = 6*q - 8*q + 322. Let w = q - 178. Let x(r) = 5*r - 4. Calculate x(w).
-39
Let v(q) = 2*q + 1. Let r(b) = 5*b - 1. Let d(a) = -r(a) + 3*v(a). Suppose 2*j + 3*y = 4*y + 1, 0 = 2*j - 5*y - 5. Determine d(j).
4
Let c(l) = -l + 5. Let t be (2/(-5))/(((-231)/220)/(-21)*-1). Give c(t).
-3
Let s be ((-8)/(-10))/(1/15). Let z(j) = -2 - 4*j**3 - 11*j**2 + 5*j**3 + 0*j**3 - s*j - 4. Determine z(12).
-6
Let s(r) be the first derivative of -4 + 5*r + 0*r**2 - 1/4*r**4 + 8/3*r**3. Let b(j) = 2*j**2 - 22*j - 44. Let v be b(13). Give s(v).
5
Let n = 21172 + -21175. Let k(w) = w**3 - w**2. Let c(t) = -4*t**3 + t**2 - 2*t + 3. Let v(r) = -c(r) - 3*k(r). Calculate v(n).
-18
Let t(j) be the second derivative of -j**5/20 + 11*j**4/12 + 2*j**3 - 7*j**2 - 963*j. Give t(12).
-14
Let i(t) be the second derivative of t**3/6 + 13*t**2/2 + 24801*t. Suppose 4*u = u - 3*q - 27, -5*q = 10. Calculate i(u).
6
Let i(k) be the second derivative of k**3/2 + 51*k**2/2 + 77*k. Give i(-20).
-9
Let u(c) = -3*c - 17. Suppose -67 + 258 = 22*k - 117. Calculate u(k).
-59
Let r(p) = -p**2 - p - 1. Let o(g) = -g + 4. Let u be (-39)/(-12)*3 - (-2)/8. Suppose 9*x = u + 35. Let w be o(x). Calculate r(w).
-1
Let a(j) = -4302*j - 4303*j - 1 + 17365*j - 4331*j - 4354*j. Calculate a(-1).
-76
Let s(k) be the third derivative of 3*k**4/8 + 215*k**3/6 + 8479*k**2. Determine s(-24).
-1
Let g = -159 - -95. Let s = 67 + g. Suppose 0 = 5*c + p - 0*p + 23, 4*c + s*p + 25 = 0. Let w(j) = j**2 + 2*j - 3. Give w(c).
5
Let x(r) = -16*r + 17 + 9 + 11 + 12 - 42. Calculate x(-3).
55
Let b(j) = -17*j + 31. Let v be (-9)/6*5*162/(-243). Give b(v).
-54
Let u be (4 + 4 - 9)/((-4)/12). Let a(r) = 2*r**2 - 2 + 16596*r - 16598*r - 3*r**2 - 5*r**u. Give a(-1).
4
Let w(q) = -5*q**2 + 11*q + 16. Let k be (-14 + 10)*(14 - 15). Give w(k).
-20
Let v(r) = -r**2 + 32*r + 473. Let c be v(-11). Let a(n) = 7 - 5*n + 14 + 0*n + 4*n. Give a(c).
21
Let c(a) = 2*a**2 + 4*a - 2. Let r be c(-3). Suppose j + 0*p + p = 50, -5*j + 250 = r*p. Let q = 50 - j. Let w(d) = d**3 + d**2 + d + 3. Give w(q).
3
Let l = 251 - 179. Suppose k + j + 2*j = 16, -4*k + l = 4*j. Suppose 12 = -k*f + 16*f. Let z(r) = r**2 + r - 2. What is z(f)?
10
Let c(z) = 4*z + 45. Suppose 4*k = 16, 4*n - 649*k + 646*k + 76 = 0. Determine c(n).
-19
Let k(r) = -3*r + 27. Let v(m) = -2. Let q(i) = k(i) + 3*v(i). Suppose 2*n = -n + 24. Let o be q(n). Let f(j) = -j**2 - 3*j - 1. What is f(o)?
-1
Let g(l) = 15*l**3 - 1. Suppose -11 = -2*v - o, -2*v - 5*o + 10 = -3*o. Suppose -f = -4*n - v, -2*n + f = -4*n. Give g(n).
-16
Let r(i) = -i**3 + 3*i**2 + 20*i - 10. Let o be r(6). Let n be (8/(-12))/((4/(-21))/o). Let g(h) = -3. Let y(s) = -s + 1. Let w(f) = -g(f) + y(f). What is w(n)?
-3
Suppose 13*x - 9*x + s - 10 = 0, -2*x = 3*s - 10. Let y(n) = n**3 + 7*n**2 + 5*n - 4. Let r be y(-6). Let q(w) = 1 - 4*w + 2*w**2 + 2 + 2*w**r. What is q(x)?
11
Let f(m) be the second derivative of 2*m**2 - 1 + 1/12*m**4 + 1/3*m**3 + 52*m. Give f(-4).
12
Suppose 6*p = 1634 + 5884. Let q(t) = -1247*t - 2 + p*t - 4. Give q(-5).
-36
Suppose -b + 6 = 4*k, -b - 2*b = -k + 8. Let o be k/8 - (0 + 21/(-12)). Let u be 3/(4/8*(o - 0)). Let m(a) = 2*a**2 - a - 3. Give m(u).
12
Suppose 621*o - 524*o = -776. Let w(f) = 2*f**